337?
3, 919, 8647
List the prime factors of 269995844.
2, 67498961
List the prime factors of 56023580.
2, 5, 2801179
List the prime factors of 494393165.
5, 7, 23, 614153
List the prime factors of 63589150.
2, 5, 439, 2897
List the prime factors of 522692927.
522692927
List the prime factors of 2462526228.
2, 3, 17, 71, 73, 137
What are the prime factors of 3592133684?
2, 317, 547, 5179
List the prime factors of 310960804.
2, 7, 11, 17, 5399
What are the prime factors of 112532263?
31, 1423, 2551
List the prime factors of 9710942.
2, 4855471
What are the prime factors of 61786215?
3, 5, 1373027
What are the prime factors of 147039363?
3, 16337707
List the prime factors of 1540423677.
3, 13, 3038311
What are the prime factors of 2301255850?
2, 5, 29, 251, 6323
List the prime factors of 353630161.
3623, 97607
List the prime factors of 2848712211.
3, 53, 227, 26309
What are the prime factors of 2136149267?
7, 43594883
List the prime factors of 649942867.
7, 29, 3201689
List the prime factors of 145270181.
7, 19, 1092257
What are the prime factors of 1158713499?
3, 19, 20328307
What are the prime factors of 169551224?
2, 21193903
List the prime factors of 104736474.
2, 3, 19, 306247
List the prime factors of 134329484.
2, 1831, 18341
List the prime factors of 3382501353.
3, 7, 11, 19, 41, 18797
What are the prime factors of 376327188?
2, 3, 727, 4793
What are the prime factors of 155999907?
3, 7, 2476189
What are the prime factors of 6161874382?
2, 19, 1597, 101537
What are the prime factors of 3242179729?
29, 433, 258197
List the prime factors of 148063970.
2, 5, 67, 383, 577
List the prime factors of 63796885.
5, 12759377
What are the prime factors of 7045078861?
601, 2213, 5297
What are the prime factors of 75288181?
31, 2428651
What are the prime factors of 54235606?
2, 27117803
What are the prime factors of 937615980?
2, 3, 5, 7, 318917
What are the prime factors of 1303567311?
3, 434522437
What are the prime factors of 770087124?
2, 3, 21391309
List the prime factors of 10038149.
11, 912559
What are the prime factors of 149936252?
2, 503, 74521
List the prime factors of 25524956.
2, 17, 375367
List the prime factors of 837065305.
5, 43, 53, 73459
List the prime factors of 1524917796.
2, 3, 101, 1258183
List the prime factors of 1043748800.
2, 5, 652343
List the prime factors of 3876412879.
17, 228024287
List the prime factors of 8214126529.
7, 28979, 40493
List the prime factors of 331920572.
2, 197, 281, 1499
What are the prime factors of 80774748?
2, 3, 2243743
What are the prime factors of 196690620?
2, 3, 5, 7, 173, 2707
List the prime factors of 2656295291.
13, 204330407
List the prime factors of 29740400.
2, 5, 149, 499
What are the prime factors of 3079029421?
13, 67, 271927
List the prime factors of 8816315984.
2, 7, 29, 241, 1609
List the prime factors of 2601289557.
3, 289032173
List the prime factors of 524323024.
2, 97, 337837
List the prime factors of 82653093.
3, 709, 12953
List the prime factors of 48055340.
2, 5, 83, 28949
What are the prime factors of 40967755?
5, 8193551
What are the prime factors of 2382382722?
2, 3, 229, 1733903
What are the prime factors of 59264847?
3, 6584983
List the prime factors of 3858910003.
13, 211, 108217
What are the prime factors of 310408539?
3, 7, 47, 314497
List the prime factors of 5343104353.
9901, 539653
What are the prime factors of 24288736?
2, 23, 61, 541
What are the prime factors of 344131627?
7, 49161661
List the prime factors of 132520486.
2, 7, 9465749
List the prime factors of 38471836.
2, 13, 56911
What are the prime factors of 167159289?
3, 11, 5065433
What are the prime factors of 2072763719?
13, 29, 5498047
What are the prime factors of 1510455698?
2, 2557, 295357
What are the prime factors of 104320980?
2, 3, 5, 61, 3167
What are the prime factors of 48500346?
2, 3, 8083391
What are the prime factors of 1045229815?
5, 7, 61, 67, 7307
What are the prime factors of 1839876964?
2, 459969241
What are the prime factors of 751036111?
7, 107290873
What are the prime factors of 109131476?
2, 67, 407207
What are the prime factors of 443442088?
2, 55430261
What are the prime factors of 332142007?
37, 8976811
List the prime factors of 194313363.
3, 31, 2089391
What are the prime factors of 29275901?
317, 92353
What are the prime factors of 503717584?
2, 31482349
What are the prime factors of 540243284?
2, 7, 193, 99971
List the prime factors of 1089605469.
3, 131, 2772533
List the prime factors of 761106477.
3, 353, 718703
List the prime factors of 1984511052.
2, 3, 55125307
What are the prime factors of 70560825?
3, 5, 79, 11909
What are the prime factors of 9547710?
2, 3, 5, 17, 97, 193
What are the prime factors of 628868896?
2, 17, 1156009
What are the prime factors of 1098962620?
2, 5, 7, 17, 103, 4483
What are the prime factors of 357558105?
3, 5, 23837207
List the prime factors of 650134887.
3, 216711629
List the prime factors of 111666613.
111666613
List the prime factors of 80016867.
3, 7, 761, 1669
List the prime factors of 167892229.
59, 2845631
What are the prime factors of 28457596?
2, 7114399
List the prime factors of 5554323628.
2, 7, 41, 4838261
List the prime factors of 104460635.
5, 89, 234743
What are the prime factors of 41624428?
2, 10406107
List the prime factors of 155239324.
2, 38809831
What are the prime factors of 38208227?
47, 827, 983
List the prime factors of 38309031.
3, 109, 4339
List the prime factors of 2471177.
29, 85213
List the prime factors of 59645317.
139, 433, 991
List the prime factors of 1895114864.
2, 113, 193, 5431
What are the prime factors of 32299278?
2, 3, 11, 19, 43, 599
List the prime factors of 21421027.
23, 661, 1409
What are the prime factors of 282863361?
3, 11, 23, 29, 71, 181
What are the prime factors of 22440626?
2, 13, 229, 3769
List the prime factors of 49772914.
2, 24886457
What are the prime factors of 1028444169?
3, 8011, 42793
What are the prime factors of 164760156?
2, 3, 11, 46229
List the prime factors of 1849050809.
1849050809
List the prime factors of 44725953.
3, 59, 71, 3559
List the prime factors of 28300827.
3, 9433609
List the prime factors of 4675149810.
2, 3, 5, 1153, 45053
List the prime factors of 2187672609.
3, 181, 4028863
What are the prime factors of 5373620466?
2, 3, 895603411
What are the prime factors of 16496218?
2, 19, 434111
List the prime factors of 345034895.
5, 29, 431, 5521
What are the prime factors of 633237172?
2, 4721, 33533
What are the prime factors of 235070693?
11, 13, 149441
List the prime factors of 490468574.
2, 245234287
What are the prime factors of 47360574?
2, 3, 2631143
What are the prime factors of 566319646?
2, 283159823
What are the prime factors of 1772198410?
2, 5, 29, 6111029
List the prime factors of 1269432652.
2, 23, 41, 67, 5023
What are the prime factors of 11708982?
2, 3, 29, 7477
What are the prime factors of 13867133?
7, 29, 68311
What are the prime factors of 13261725?
3, 5, 37, 59
List the prime factors of 415764055.
5, 7, 11878973
List the prime factors of 20389381.
113, 180437
List the prime factors of 459787990.
2, 5, 211, 217909
List the prime factors of 18893290.
2, 5, 13, 17, 83, 103
What are the prime factors of 1275124019?
13, 98086463
What are the prime factors of 408546024?
2, 3, 31, 549121
What are the prime factors of 7670702?
2, 13, 31, 307
List the prime factors of 5422609448.
2, 149, 4549169
What are the prime factors of 308539856?
2, 19283741
What are the prime factors of 1952149994?
2, 976074997
List the prime factors of 158391846.
2, 3, 23, 382589
List the prime factors of 1375277425.
5, 79, 696343
List the prime factors of 2309887333.
13, 47, 3780503
What are the prime factors of 305827054?
2, 13, 1951, 6029
List the prime factors of 706441503.
3, 11083, 21247
What are the prime factors of 41402578?
2, 7, 2957327
What are the prime factors of 201862039?
47, 617, 6961
List the prime factors of 18594130.
2, 5, 181, 10273
What are the prime factors of 488335986?
2, 3, 19, 179, 2659
List the prime factors of 506003181.
3, 17, 41, 89, 2719
List the prime factors of 64360172.
2, 89, 347, 521
What are the prime factors of 1710835435?
5, 342167087
List the prime factors of 307658551.
181, 9391
List the prime factors of 7892629.
521, 15149
What are